posite number?
False
Suppose -4*u + 3*u = -8751. Is u a composite number?
True
Let z = 4169 + -612. Is z composite?
False
Let y(j) = 3*j**2. Let q be y(-4). Is -4*4/(q/(-2373)) a composite number?
True
Suppose r = u + 938, -u = -30*r + 23*r + 6536. Is r a prime number?
False
Suppose 9*g = 17181 + 44028. Is g a prime number?
False
Suppose -5*s = 9*l - 12*l + 26393, 0 = 3*l + 4*s - 26411. Is l a composite number?
True
Suppose 0*z = -z + 2*b - 2, 2 = -3*z + 2*b. Let m = 20 - 16. Suppose -4*c + 326 = 2*j, 5*j = -z*c - m*c + 791. Is j a prime number?
False
Suppose 3*v = -2*y + 19675, 0 = -3*v - 2*y - 3*y + 19681. Is v a prime number?
False
Let n(m) = -5749*m**3 + 4*m**2 + 5*m - 3. Is n(-2) prime?
False
Suppose -8*d = -9*d + 573. Is d a prime number?
False
Suppose -8*d + h = -6*d - 20112, -3*h = d - 10063. Is d composite?
True
Let m = -23 - -43. Suppose 5*p = -l + m, 0 = 2*l + l + 4*p - 38. Is (67/2)/(1/l) prime?
False
Suppose 0 = q - 6337 - 21854. Is q a composite number?
True
Is (-169118)/(-8) + (-45)/60 prime?
True
Let w = -11 - 54. Suppose 3*k = -25 - 23. Let r = k - w. Is r a composite number?
True
Let s(g) be the second derivative of 3*g**4/4 + 8*g**3/3 - 6*g**2 - 11*g. Is s(-19) composite?
True
Suppose 5*c = -4*k + 18239, -2 = 3*c - c. Is k a prime number?
True
Suppose q + 3*p = 53, -26 - 226 = -4*q - 2*p. Suppose -4*h - 418 = 166. Let f = q - h. Is f prime?
True
Let b(t) = t. Let d(w) = -4*w + 12. Let y(z) = -5*b(z) - d(z). Let v be y(5). Is v*1/((-2)/10) a composite number?
True
Let m be (2/1)/((-6)/9). Is 91 + (-4)/6*m prime?
False
Suppose -5*l - 3*l = -19736. Let y = l + -30. Is y prime?
True
Suppose 2*m + 3*m = 3*a - 5744, 4*m = -5*a + 9561. Is a composite?
False
Let y(b) = 11*b**3 - 41*b**2 + 37*b - 9. Let v(w) = -6*w**3 + 21*w**2 - 19*w + 5. Let m(g) = 7*v(g) + 4*y(g). Is m(11) composite?
False
Suppose 3*q - 12 = 0, 30008 = 4*f - 2*q - 3*q. Is f prime?
True
Let w = 26 - 21. Suppose w*s - 139 - 96 = 0. Is s composite?
False
Suppose 2 = 4*m - 10. Suppose -3*b - m*b + 4926 = 0. Is b a composite number?
False
Suppose -35434 = -12*q - 2*q. Is q a prime number?
True
Let l(a) = 3*a + 71. Let x be l(-27). Is (4 - 9)/25 + (-44632)/x a composite number?
False
Suppose 2169 = -0*u + 4*u - m, -2711 = -5*u + m. Suppose -3*c + 4*c - 5*a = u, 2*c - 1019 = -3*a. Is c a prime number?
False
Suppose 6 = 5*m + 1, -3*m - 214922 = -5*a. Is a a composite number?
True
Let t = 11034 + -6907. Is t prime?
True
Suppose -4*s - 12499 = -2*p + 5019, -p - 2*s + 8739 = 0. Is p a composite number?
True
Suppose 0 = -5*h - 5*x + 2215, -4*h + 325 = x - 1438. Let z = 23 + h. Is z a prime number?
True
Suppose j = -5*n + 16794, 12 = -2*j + 10. Is n a composite number?
False
Is 8 + 7 + (-5 - -32089) a prime number?
True
Suppose 4*t + 2*w - 58674 = -0*t, 0 = 5*w + 5. Is t prime?
True
Let t(s) = 5*s**2 - 8*s - 2. Suppose 14 = -3*l + 41. Let m be t(l). Suppose -v + 3*i - m = -3*v, -3*i - 635 = -4*v. Is v a prime number?
False
Let z(j) = -2*j**3 + j - 2. Let y be z(1). Let h(u) = -44*u - 4. Let c be h(y). Suppose m - 121 = 4*v + 12, -m = -3*v - c. Is m composite?
False
Let b = 14513 - 9434. Is b prime?
False
Suppose 5*v - 2*k = 43, v + 3*k + 33 = 4*v. Suppose -v*p = -3*p - 16. Suppose 3*g - 107 = 4*m, -p*m + 7*m - 114 = -3*g. Is g prime?
True
Let k be (-2)/3*300/(-40). Suppose k*a - 3241 - 374 = 0. Is a a composite number?
True
Let n(h) be the first derivative of h**3 + 10*h + 9. Is n(5) a prime number?
False
Is (-43910)/(-5) - (-21)/((-21)/3) a prime number?
True
Let w = 165944 + -89133. Is w a prime number?
False
Let g(w) be the first derivative of 87*w**2 - w + 5. Let n(u) = u**2 + 8*u + 15. Let q be n(-6). Is g(q) prime?
True
Let s(i) = -1 - i**2 - i**3 + 4 + 4. Let x be s(-8). Suppose t - 6*t = -x. Is t composite?
True
Suppose 54*r = 50*r + 13084. Is r a prime number?
True
Suppose -b + 0 = 2*m - 3, 0 = b - 2*m - 3. Suppose 0 = -0*o - b*o + 1419. Is o a composite number?
True
Is 1041 + -5 + 1 + 12 a prime number?
True
Suppose -5*u = 4*o - 184, 0 = 2*o - 6*u + 2*u - 92. Is (o/(-69))/((-4)/10938) composite?
False
Suppose 7*d + 4*d - 12507 = 0. Is d a prime number?
False
Let u be 1/(-2) + 26/(-4). Let m = 4 + u. Is 2 - 11*(m + -1) prime?
False
Suppose -248*l + 41240 = -240*l. Is l a prime number?
False
Let v = 2373 + 2534. Is v a composite number?
True
Suppose 0 = m - 4117 - 1162. Let t = -3570 + m. Is t a composite number?
False
Let o(k) = -1093*k**2 + k - 4. Let q(a) = 1094*a**2 + 5. Let c(x) = -4*o(x) - 3*q(x). Is c(1) a prime number?
True
Let q = 765 + -470. Is q prime?
False
Suppose -n + f = -8, 2*n = -3*n + 4*f + 37. Suppose -4*p + 5*g + 3996 + 1049 = 0, 2*p = n*g + 2535. Is p a composite number?
True
Let c(z) = 2*z**3 + 29*z**2 - 5*z - 7. Is c(-5) prime?
False
Let j = 733 + -439. Suppose -x + j = 2*f + 3*x, 0 = f - 4*x - 153. Is f a prime number?
True
Is (-9 - 43805/10)/(1/(-2)) a composite number?
False
Let c be 140/(-10)*(-4)/(-2). Let z be -3516*(-3 - c/8). Is (z/12)/(1/(-2)) prime?
True
Suppose 4*m - 53306 = -18*m. Is m composite?
False
Let n(l) = 4*l**3 - l**2 - l - 11. Let y be n(5). Suppose 2*f = y + 347. Is f a composite number?
True
Suppose 49*z = 131*z - 2837036. Is z composite?
True
Suppose 6*x = 3*x - 6. Let r be -6 + (-5)/(-3) + (-10)/(-30). Is x/r*-6 + 126 composite?
True
Suppose 0 = 5*g - 341710 + 52595. Is g prime?
False
Let u(q) = -1048*q + 57. Is u(-9) composite?
True
Is 3/5 + (-590016)/(-240) composite?
False
Suppose -4*u + 15 = -0*n + n, 3*u + 2*n = 15. Suppose -v = -2*v, 5*v + 1239 = u*k. Is k prime?
False
Let l = 63 + -26. Let y = 108 + l. Is y prime?
False
Suppose 2*p + 852 = 5*i, -2*i + 5*p + 152 = -i. Let t = i - -163. Is t a composite number?
True
Let r(p) = 914*p + 6. Let a be r(2). Suppose -2*u - a = -2*b, -5*u = 3*b - 6*b + 2757. Is b prime?
False
Suppose -10 = 5*w - 5. Let z be (9*(3 - 4))/w. Suppose 4*r - 2957 = -0*r + 5*x, 3*x = z. Is r a composite number?
False
Let f be 129 - (0 + -3 + 3). Let v = f - 66. Suppose 3*c - v - 102 = 0. Is c a composite number?
True
Is 24151/((-4 + -2)/(-6)) a prime number?
True
Suppose 2*t + 6 = 10. Let x(h) = 22*h**2 - 3. Is x(t) composite?
True
Suppose -3627769 - 547656 = -25*n. Is n composite?
False
Suppose c = 3*r - 15944, 6*c - 2*c + 21256 = 4*r. Is r a composite number?
True
Let y(x) = 586*x**2 + 3*x + 8. Is y(-3) composite?
False
Let c be 12/21 + 8*(-35824)/(-28). Suppose 0 = -8*u + 4*u + c. Is u composite?
True
Let l = -2568 - -4235. Let a = -924 + l. Is a prime?
True
Let q = 56630 - 21948. Is q a composite number?
True
Let i(n) = n**2 + 2*n. Let v be i(-2). Suppose 0 = g - w - 3843, 4*g + 11*w - 15367 = 10*w. Suppose v*h + 2*h - g = 0. Is h a prime number?
False
Let t = -5 - -98. Is t prime?
False
Let w = -18 - -24. Suppose 9*c - 6*c = w. Suppose -94 = -c*m - k, 4*m + 3*k = 96 + 88. Is m composite?
True
Let i(s) = 11*s - 35. Let q be i(-7). Let a = 863 + q. Is a composite?
False
Suppose 4*p - 105188 = -10*f + 6*f, 0 = -5*p + 2*f + 131457. Is p a composite number?
False
Let x = 1 - 5. Let j(i) = -i**2 - 6*i - 7. Let g be j(x). Is (789/(-12))/(g/(-4)) a composite number?
False
Suppose m - 5*s - 50 = 0, 0*m = 2*m - 2*s - 124. Let d = -14 + 16. Suppose a - m = d. Is a prime?
True
Let p(h) = h - 26. Let j be p(-16). Let z = 157 - j. Is z prime?
True
Let a(m) = 24*m**3 - 4*m**2 + 4*m - 2. Let g be a(2). Suppose 4*j - g = 2*j. Is j composite?
True
Suppose 177*x - 176*x = 821. Is x prime?
True
Let g = -1910 + 2697. Is g composite?
False
Let t(p) = 16*p + 1. Let d be t(-1). Suppose 0 = 2*x - 33 + 13. Is (x/d)/((-4)/6414) a prime number?
True
Let j(p) = -1323*p + 39. Is j(-4) a composite number?
True
Suppose 494 = -2*q + 4*q - o, -4*o = 2*q - 474. Suppose -l = -4*d - 0*d - q, 4*d = 20. Suppose -5*j = c - 1030, c - 150 = -2*j + l. Is j a prime number?
False
Suppose 4 + 10 = 7*z. Is (13/z)/((-1)/(-142)) composite?
True
Is 6 - (-7 - -8)*-27667 a composite number?
False
Let b(l) = -17*l**3 + 6*l**2 - l + 2. Let m(w) = -26*w**3 + 9*w**2 - w + 3. Let u(n) = -8*b(n) + 5*m(n). Is u(4) prime?
True
Let a(h) = -61*h**2 + 3*h + 9. Let s(p) be the first derivative of -62*p**3/3 + 3*p**2/2 + 10*p - 3. Let o(r) = -6*a(r) + 5*s(r). Is o(3) a composite number?
False
Let d(u) = 15*u**3 - 3*u**2 - u + 42. Is d(13) composite?
